= 0 + -2. What is the units digit of 5 + 0 - 1*z?
7
What is the tens digit of (-28 + 1)*8/(-12)?
1
Suppose 0 = -4*v + 4*b - 4, -2*v + 3*b + b - 12 = 0. Suppose -3*m + 101 = 4*j, -2*m + v*j = m - 61. What is the tens digit of m?
2
Let k be -2*3/12*14. Let y = k - -8. Let c = y + 7. What is the units digit of c?
8
Let u(p) = -11*p - 17. Let h(m) = 177*m + 273. Let a(l) = 2*h(l) + 33*u(l). What is the tens digit of a(-6)?
3
Let a be 29 + (-2 - -1) + -1. Suppose 6*q = 3*q + a. What is the tens digit of q/(0 - (-6)/8)?
1
Suppose 4*a + 3*y - 23 = 2*a, -2*y = -3*a + 41. What is the units digit of a?
3
Let p(n) = -n**2 - 5*n - 2. Let d be p(-4). Let m(a) = 5*a - 1 - 3*a + d*a. What is the units digit of m(1)?
3
Let r be (-3)/4 + (-31)/(-4). Let v = 7 - r. Suppose v = 4*c - c - 18. What is the units digit of c?
6
What is the tens digit of (4/3)/((-10)/(-255))?
3
Let j = -2 - -3. Let a = j - 0. Suppose q = -a + 4. What is the units digit of q?
3
Let o = 6 - 4. Suppose -4*s + 18 = 2*h, 3*s - o*h = 5*s - 14. Suppose -s*u = 1 - 9. What is the units digit of u?
4
Let h be (12/30)/((-1)/(-5)). Let g be (6 - 3 - h) + -1. What is the units digit of 14 + g - -2 - -2?
8
Let v(f) be the second derivative of -11*f**5/20 + f**4/12 - f**3/6 - f**2/2 - f. What is the tens digit of v(-1)?
1
What is the tens digit of ((-9)/18)/((-2)/500)?
2
Suppose -108 = -2*w - w. What is the tens digit of w?
3
Suppose 16 + 2 = 3*g. Suppose 0 = -3*a + 4*c + 26, -g*a + 37 = -2*a - 3*c. What is the tens digit of a?
1
Let q(k) = -k**3 + 5*k**2 - 2*k - 3. Let j = -4 + 8. Let c be q(j). Suppose -6*o + 5*w = -o - 10, -c*o - 4*w = -28. What is the units digit of o?
4
Let i = 7 - 2. Suppose -2*c + 128 = 2*c + s, 0 = i*c - 4*s - 160. What is the tens digit of c?
3
Let z(r) = r**2 - 4*r + 4. Let o be z(3). Suppose -2*x = 3*x + 25, 0 = a + x + o. What is the units digit of a?
4
Let m(c) = 0*c - 2*c + 3*c. Suppose 9 + 1 = 4*w + 3*v, 4 = -2*v. What is the units digit of m(w)?
4
Let t = 37 + -31. What is the units digit of t?
6
What is the tens digit of -57*(3/(-3))/3?
1
Let t = 35 + 3. What is the tens digit of t?
3
Let s(y) = y**3 + 7*y**2 - 2*y - 10. Let g be s(-7). Let n = g - 0. What is the units digit of ((-1)/(-3))/(n/108)?
9
Suppose 0 = -z + 2*z - 13. Let k = z + -7. What is the units digit of 3/k*(-4)/(-2)?
1
Let l = 6 + -6. Let h(s) = -s**2 + 5. What is the units digit of h(l)?
5
Suppose 3*l + 73 = -b, 2*b = l + 3*b + 23. Let a be (-16)/(-5) + 5/l. Suppose 0 = -5*u - 3*f + 27, u - 5*u + a*f = 0. What is the units digit of u?
3
Let s(q) = q - 7. Suppose 2*v - 6 = 2*c + 4, 3*v - 43 = -4*c. What is the units digit of s(v)?
2
Suppose 10 = 5*o - 5. Let a = 2 - o. What is the tens digit of 3/((-9)/39)*a?
1
Suppose -1037 = -11*a + 2351. What is the tens digit of a?
0
Suppose 4*w + 3*d = 197, 0 = -w - 0*w + d + 51. What is the units digit of w?
0
Suppose 8*p - 3*p = 4*a - 38, 0 = -3*p - 4*a - 42. Let x be p/(-6) + 2/(-3). Suppose 3*s = 4*s - x. What is the units digit of s?
1
Let d(s) = 2*s + 4. Suppose 2*l + 9 = -3. Let g be d(l). Let y(z) = -z**2 - 7*z + 9. What is the units digit of y(g)?
1
Let l be ((-5)/(-1))/((-2)/(-68)). Suppose l = 4*i + i. Let h = 51 - i. What is the tens digit of h?
1
Suppose 0*a = 4*a - 112. What is the tens digit of a?
2
Let n = 163 - 112. What is the units digit of n?
1
Let b(t) = -t**3 - 26*t**2 + 19*t + 7. What is the units digit of b(-27)?
3
Suppose -8*w = -4*w - 20. Let v = -4 + w. What is the tens digit of (18/(-8) + v)*-8?
1
Suppose 2 = -3*q + q + 5*d, q - 2*d = 0. Let k be (q + -1)*42/9. Suppose -4*j + b = -17, b + 6 + k = 5*j. What is the units digit of j?
3
Suppose -13*i - 114 = -15*i. What is the units digit of i?
7
Let i be (-2)/(2 - -1 - 2). Let f(z) = -4*z - 8. Let h be f(-4). Let t = i + h. What is the units digit of t?
6
Let c = -217 + 335. What is the units digit of c?
8
What is the tens digit of (-20)/6*-3 + 0?
1
Let b = -26 - -55. What is the tens digit of b?
2
Suppose 2*r = -2, 7*r + 7 = -b + 2*r. What is the tens digit of (17/b)/(14/(-28))?
1
Let x be 3/9 + 44/12. Suppose -3*c + 5*c = 8. Suppose -2*y + 20 = 4*m, 0 = c*y - 4*m + m + x. What is the units digit of y?
2
Let z = -34 + 46. What is the tens digit of z?
1
Suppose -9*f = -20*f + 2354. What is the tens digit of f?
1
Let u(p) = p - 6. Let f be 5 + 1 + (-2 - -2). Let h be u(f). Suppose -v = -h*v - 6. What is the units digit of v?
6
Let x(n) = -2*n - 3*n + 1 + 3*n. What is the units digit of x(-5)?
1
Let h(t) = 31*t**2 - 2*t - 3. What is the tens digit of h(2)?
1
Suppose -4*a - 5*d = -2*a - 37, 15 = 3*d. What is the units digit of a?
6
Suppose -5*a - 1 = -4*d - 4, -5*a - 9 = 2*d. What is the units digit of 0 - (d + -4 + 3)?
3
Suppose 0*n = -3*n + 186. Suppose 2*k = 2 + n. What is the units digit of ((-6)/4)/((-6)/k)?
8
Suppose -g + 24 = 3. What is the units digit of g?
1
Let g = 514 + -356. Suppose 0 = 5*p - g + 53. What is the tens digit of p?
2
Suppose -3*j + 25 = -5*q - 7, 0 = 3*j + 2*q - 25. What is the units digit of j?
9
Let p(d) be the first derivative of d**3/3 + d + 3. Let o(i) = 2*i**3 - i**2 + 2*i - 1. Let w be o(1). What is the units digit of p(w)?
5
Let b be (-8)/(-3)*(-30)/(-40). Suppose 0*a + 82 = b*a. What is the units digit of a?
1
Let r(m) = 9*m + 6 + 2*m**2 - 3*m + m. What is the tens digit of r(-5)?
2
Suppose -2*q + f + 10 = -f, -2*f = 3*q - 10. Suppose -q*h - 8 = -2*i, 2*h - 3*i - 4 = 4*h. What is the units digit of 10/15*(-3)/h?
1
Let z(l) = -l**3 - 2*l**2 - 2*l - 3. Let a be z(-2). Let b = a - -1. Suppose b*m + 2*m = 52. What is the units digit of m?
3
Suppose 3*g = -3*j - 6, 0 = 4*g - 2*j + 4 + 4. Let c(u) = -u**2 - 5*u - 7. Let p be c(-6). Let w = g - p. What is the tens digit of w?
1
Let m(c) be the first derivative of 5*c**3/3 - c**2 + c + 4. What is the tens digit of m(2)?
1
Let b(k) = 3*k**2 + 9*k - 7. What is the tens digit of b(-7)?
7
Let i = -13 - -18. Let z(j) = j**3 - 4*j**2 - 6*j + 6. Let c be z(i). Let n(u) = 5*u**2 - 1. What is the units digit of n(c)?
4
What is the units digit of ((-42)/5)/(18/(-120))?
6
What is the units digit of (-404)/(-14) + 7/49?
9
Suppose a + 2*l - 151 = 0, 0 = 4*l - 20. What is the tens digit of a?
4
Let t = -103 - -227. Suppose -3*n - 2*p = -6*p - 74, p = -4*n + t. What is the tens digit of n?
3
Suppose 2*u = -3*c + 26, -4*u - 2*c = -4 - 56. Let h be (75/(-10))/(6/u). What is the tens digit of 7 + -9 - (h + 1)?
1
Let f(w) be the second derivative of w**3/2 - 5*w**2/2 + 3*w. What is the units digit of f(7)?
6
Let y be 4/(-6) + 66/18. Suppose 0 = -0*h + y*h + 27. What is the units digit of (0 + (-3 - -2))*h?
9
Let u be (-70)/(-2) + 1*-1. Suppose -93 = 5*a + 2*n - 29, -3*n = -4*a - 65. Let b = u + a. What is the tens digit of b?
2
Let i(t) = t**2 - 3*t + 1. Let w be i(2). Let c be 1/w - (-8 - -6). Suppose -3*l - c = -34. What is the units digit of l?
1
Let f(l) = -l**3 + 7*l**2 - 6*l + 4. Let i be f(4). Let u be 36/7*i/4. Suppose -3*n - u = -7*n. What is the units digit of n?
9
Let p(s) = s**2 - 5*s + 2. Let u be p(3). Let g(f) be the first derivative of -f**4/4 - 4*f**3/3 - 3*f**2/2 + 4*f - 2. What is the tens digit of g(u)?
1
Let v(i) = i. Let w(x) = -2*x - 2. Let y(m) = -8*v(m) - w(m). What is the tens digit of y(-2)?
1
Suppose -15 = -5*l + r, 4*r - 7 = 5*l - 37. Suppose 6*y = 2*y + 12, 4*m - l*y = 10. What is the units digit of m?
4
Let y(t) = 75*t**2 - 13*t - 17. What is the hundreds digit of y(-2)?
3
Suppose -4*n - 8 = 4*u, -5*n - 5 - 9 = 3*u. Let k(h) = 2*h**2 + h + 3. What is the units digit of k(n)?
1
Suppose -3*j + 4 = -2*j. Suppose -2*p + 9 = -j*r + 5*r, -4*p = -4*r + 12. Let q = 9 + p. What is the tens digit of q?
1
Suppose 0 = -5*w + 10 - 0. Let f = w + 5. What is the units digit of f?
7
Let g = 4 - -2. Let k = g + -3. Suppose 4*f - k*f = 6. What is the units digit of f?
6
Let q(n) = -9*n**2 + 23*n + 3. Let t(w) = 4*w**2 - 11*w - 1. Let y(b) = -3*q(b) - 7*t(b). Let d be y(6). Suppose -d = -3*c + 11. What is the units digit of c?
7
Suppose 5*z = -3*i + 363, -i - 2*i + 3 = 0. What is the tens digit of z?
7
Suppose 1181 = 3*a - 7*n + 2*n, 5*a = -n + 1987. What is the tens digit of a?
9
Let f = -1 - -2. What is the tens digit of (f/(-2))/(3/(-66))?
1
Suppose -12 = -2*z + 28. Suppose -4*h - z = 76. Let p = -15 - h. What i